t are the prime factors of w?
7
Let n be 251*(0 + 1 + 2). Suppose 0 = 11*i - n - 215. List the prime factors of i.
2, 11
What are the prime factors of 230/(-4)*(-2 + -12)?
5, 7, 23
Let t = 1239 + -528. What are the prime factors of t?
3, 79
Suppose -8*c + 193 = -255. List the prime factors of c.
2, 7
Suppose -6*a + 13*a - 105 = 0. List the prime factors of ((-38)/(-8))/(a/180).
3, 19
Let a(j) = 8*j - 9. Suppose -m + 26 = 2*m - 2*n, 4*m - 2*n = 32. Let f be a(m). Suppose 3*c - f = -3*s + 5*s, -5*s = 2*c - 26. What are the prime factors of c?
13
Let d = -19 - -7. List the prime factors of (-10 + 0)*1/(d/114).
5, 19
Suppose 2*t - t = -o + 9, 0 = -4*t - 3*o + 38. Let j(l) be the first derivative of 2*l**3/3 - 10*l**2 + 2*l + 43. What are the prime factors of j(t)?
2, 3
Let y = -15 + 15. Suppose y*v + 366 = 6*v. Let n = v + -21. What are the prime factors of n?
2, 5
Suppose -5*p = 2*o - 2546, -2*o + 0*o = -5*p + 2554. List the prime factors of p.
2, 3, 5, 17
Let s(d) = -9*d**2 - 11*d + 13. Let u(g) = -4*g**2 - 5*g + 6. Let p(h) = 2*s(h) - 5*u(h). What are the prime factors of p(-9)?
131
Suppose 27 = 4*j - 2*j + 3*v, -j + 31 = 5*v. Let o be 230/(-15)*j/(-4). Suppose -p + 0*p = -o. List the prime factors of p.
23
Let r(k) = 2*k - 9. Let p be r(8). Suppose 4*n = p + 5. What are the prime factors of n + (-14)/2 - -63?
59
Let r be 201/18 - (-1)/(-6). Suppose -t = -2*t + 3*i + r, -4*t - 5*i - 7 = 0. Suppose 38 = t*x - 2*k, -x - 2*x - 4*k = -29. List the prime factors of x.
3, 5
Let r(f) = -2*f**3 + 6*f**2 - 5*f - 5. What are the prime factors of r(-5)?
2, 3, 5, 7
Let f(g) = 13*g**3 - 29*g**2 + 16*g - 16. Let z(h) = 7*h**3 - 15*h**2 + 8*h - 8. Let o(q) = -6*f(q) + 11*z(q). What are the prime factors of o(6)?
2, 17
Let o = 544 - -1226. List the prime factors of o.
2, 3, 5, 59
Let b(g) = -5*g - 31. Let k be b(-6). Suppose 98 = 5*u - 17. Let w = u + k. List the prime factors of w.
2, 11
What are the prime factors of ((-15752)/33)/((-8)/(-6) - 2)?
2, 179
Suppose 0 = -290*a + 325*a - 7000. What are the prime factors of a?
2, 5
Suppose -2*c + 12 = 4*g, 0 = -c + 4*g - 5 - 1. Suppose 0 = -c*w - 4*k + 29 + 7, 0 = -2*w - 5*k + 32. Let i = w + 3. List the prime factors of i.
29
Let k = -203 + 361. Suppose 2*b = -8, -5*m + k + 247 = 5*b. What are the prime factors of m?
5, 17
Suppose 7*z - 5564 = -1504. List the prime factors of z.
2, 5, 29
Let s = -26 - -25. What are the prime factors of 2/(s*2)*(-141 - -13)?
2
Let p(b) = 3*b**2 + 73*b - 18. What are the prime factors of p(-39)?
2, 3, 283
Let a(y) = -y**3 - 12*y**2 + 18*y - 31. What are the prime factors of a(-16)?
3, 5, 47
Let w(r) = -4*r - 2. Let j(x) = 5*x + 3. Let m(z) = 3*j(z) + 4*w(z). Let f be m(-4). Suppose -l - f + 63 = 0. What are the prime factors of l?
2, 29
Let c(o) = 11*o + 17. Suppose 0 = -5*m + q + 46, 5*m - 3*m - 5*q = 0. What are the prime factors of c(m)?
127
Let u(f) = -f**2 + 4. Let k be u(0). Suppose -k*c + 187 - 3 = 0. Suppose -71 = -2*n - 3*d, -n = -3*n + 2*d + c. What are the prime factors of n?
2, 7
Suppose -9 = -9*m + 6*m. Suppose -m*h = 10 + 2, -4*i + h + 196 = 0. List the prime factors of i.
2, 3
Let l = -4 - -3. Let o(p) be the third derivative of -p**6/6 - p**4/24 - 127*p**2. List the prime factors of o(l).
3, 7
Let d(j) = -j**3 - j**2 - 3*j + 359. What are the prime factors of d(0)?
359
Let w(s) = -5*s - 36. Let q be w(-17). Let n = -7 + q. List the prime factors of n.
2, 3, 7
What are the prime factors of (-6)/4*(-232)/3?
2, 29
Suppose -18*k - 47 = -2747. What are the prime factors of k?
2, 3, 5
What are the prime factors of (-8)/6*104181/(-308)?
11, 41
Let s be ((-9)/4 - -1) + 6/24. What are the prime factors of s/(1370/(-6725) + 3/15)?
269
Suppose -4*u + 33 - 49 = 0, 3*w = -u + 3788. What are the prime factors of w?
2, 79
Let r(g) = 4*g**2 + 5*g - 19. Let b be r(14). Suppose -14*f + 9*f + b = 0. What are the prime factors of f?
167
Suppose -x + 0*c = 3*c - 77, 2*x - 119 = c. Suppose -2*a + x = -0*a. List the prime factors of a.
31
Suppose -5*n = -2*d + 325, -3*d + 865 = 2*d + 5*n. Suppose -m + 5*m + 3*f = 136, 5*m + f = d. List the prime factors of m.
2, 17
Suppose -101*m - 33820 + 392572 = 0. What are the prime factors of m?
2, 3, 37
Let z = 3951 - 2213. What are the prime factors of z/15 + 4/30?
2, 29
Let p be (-84)/10*(-80)/24. What are the prime factors of (-1)/4 + 1127/p?
2, 5
Let z be (2/(-4))/(1/(-2)). Let d(n) = -64*n**2 - n + 1. Let p be d(z). Let w = -34 - p. List the prime factors of w.
2, 3, 5
What are the prime factors of 1/(-3)*(-1 - (-6724)/(-2))?
19, 59
Let f = -1274 + 2706. What are the prime factors of f?
2, 179
Let x = -593 - -1331. List the prime factors of x.
2, 3, 41
What are the prime factors of 210/(-2*(-2)/8)?
2, 3, 5, 7
What are the prime factors of 2/(-15) - (-2 + (-1629048)/360)?
3, 503
Let t = 66 - 206. What are the prime factors of -1*((t - -4) + -4)?
2, 5, 7
Let u(m) = m**2 + 36. What are the prime factors of u(8)?
2, 5
Let v(k) be the second derivative of -4*k**3 + 2*k**2 - 5*k. List the prime factors of v(-4).
2, 5
Let c = 7 - 0. Let r(o) = -5 + 3*o**3 + o - c*o - 2*o**3 - 7*o + 9*o**2. What are the prime factors of r(-10)?
5
Let d(o) = -o**2 + 2*o + 2. Suppose -5*m - 3 = 2. Let q be d(m). List the prime factors of (q - 0)*(-5 - 52).
3, 19
Suppose 2*o - 2*i = 120, 4*i - 69 - 90 = -3*o. Let c = 85 - o. What are the prime factors of c/3*(-39)/(-26)?
2, 7
Suppose 0 = 3*h - 4*h + 2*k + 2, -3*h + 5*k = -2. Let v = 36 + h. Let r = v - 17. List the prime factors of r.
13
Suppose -u - 8*u = -55728. What are the prime factors of u/66 - 6/(-33)?
2, 47
Suppose 2*k - 36 = 140. Let n = k - 22. List the prime factors of n.
2, 3, 11
Suppose -7*q = 46*q - 71073. List the prime factors of q.
3, 149
List the prime factors of (-144)/(-32) - (-25908)/8.
3, 23, 47
Let q be (-8)/14*(-168)/24. Suppose 4*a - 232 = q*f, -10 = -a - 3*f + 28. List the prime factors of a.
53
Let z = -18 + 18. Suppose -o - 3*d + z*d = -39, -100 = -4*o + 2*d. Let v = 39 - o. List the prime factors of v.
2, 3
Let p(c) be the first derivative of c**4 + c**3/3 + 2*c - 4. What are the prime factors of p(2)?
2, 19
Let r(f) = f - 22. Let c be r(11). Let y(g) = -g - 6. List the prime factors of y(c).
5
Let j = 5303 - 2184. What are the prime factors of j?
3119
Suppose -3*d + 4*h = -38, -d - 4*h = -5*d + 48. Suppose 798 = -4*u + d*u. List the prime factors of u.
7, 19
Suppose 0 = 5*r - 501 - 5139. Suppose 7*z = 15*z - r. What are the prime factors of z?
3, 47
Let y(k) = -180*k + 61. What are the prime factors of y(-6)?
7, 163
Let d(h) = -4*h**3 + 4*h**2 + 9*h + 1. Let t(u) = 4*u**3 - 5*u**2 - 10*u - 2. Let q(y) = -4*d(y) - 3*t(y). What are the prime factors of q(3)?
83
Let g = -113 + 92. What are the prime factors of 2*73 - (-105)/g?
3, 47
Suppose -1 = n + 2, 3*n = -f + 21. Suppose 90 - f = 5*x. List the prime factors of x.
2, 3
Let t = 797 - 268. List the prime factors of t.
23
Suppose 5*h + q - 31593 = 0, -3*q = 4*h - 6*h + 12627. List the prime factors of h.
2, 3, 13
Let k(l) = l**3 - 13*l + 14. List the prime factors of k(7).
2, 7, 19
What are the prime factors of 80729/121 - (-4)/(-22)?
23, 29
Suppose 0 = 5*v - 2*v + 4*h - 422, v - 143 = h. What are the prime factors of v?
2, 71
Suppose 0 = -25*x + 34*x - 8397. List the prime factors of x.
3, 311
Let r = 249 - 117. Let y be r/(-8)*20/(-3). What are the prime factors of y/4*112/70?
2, 11
Suppose 21718 = -25*f + 68293. What are the prime factors of f?
3, 23
Let j(n) = -n**2 + 10*n - 12. Let h be 3*3/9*1. Suppose -17 = -2*f - h. List the prime factors of j(f).
2
Let s(r) = -r**2 + r - 4. Let g be s(0). List the prime factors of g + 68/(8/2).
13
Suppose 4 = 9*b - 8*b. Suppose 0 = g - b, -4*q - g = -120. What are the prime factors of q?
29
Let d(p) = 3*p**2 - 3*p + 2. Let v(r) = -2*r - 23. Let w be v(-12). Let i be d(w). What are the prime factors of (-4)/((16/(-140))/i)?
2, 5, 7
List the prime factors of 18804/6 - (-6 - 2).
2, 1571
What are the prime factors of (-112)/6*((-568)/16 + -2)?
2, 5, 7
Let b = 1239 + -780. What are the prime factors of b?
3, 17
Let v(z) = 22*z - 21. Let u be v(10). Let q = -105 + u. What are the prime factors of q?
2, 47
Let f(r) be the first derivative of -3*r**4/4 - r**2 - 5*r - 5. What are the prime factors of f(-3)?
